ne o(h).
3
Suppose -3*l = f - 36, 0 = 4*l + f - 7 - 42. Let q(c) = -c - 5*c + 5*c + c**3 + 2*c**2 + 12 - l. What is q(-3)?
-7
Let x(o) = 10*o + 14. Let q(b) = 2*b + 3. Let i(s) = -16*q(s) + 3*x(s). Let r(d) = 4*d - 5*d + 0*d + 5. Let a be r(0). Calculate i(a).
-16
Let a be (-11 - -6)/(2 + -1). Let z(d) be the first derivative of -3*d**2/2 - 3*d - 33. Give z(a).
12
Let a(x) = -x**3 + 9*x**2 - 7*x + 2. Let j be a(8). Let d be -10 + j + -3*1. Let k(z) = z**2 + 5*z + 3. Calculate k(d).
-3
Let f(j) = -8*j**2 - j. Let v = -793 - -794. Give f(v).
-9
Let a(p) = -3. Let b(n) = 8. Let z(w) = -11*a(w) - 4*b(w). Let k(d) = -d - 2. Let u = 133 + -139. Let c(l) = u*z(l) + k(l). What is c(-6)?
-2
Let v be (6 + -5 - 0)/((-2)/6). Let j = 5 + -3. Let y(t) = t**2 - t. Let d(n) = 5*n - 4. Let f(w) = j*y(w) + d(w). Calculate f(v).
5
Let a(g) = -4 - g + 3 - g**3 + 2*g. Let w be 10/(-15)*9/(-6). What is a(w)?
-1
Let p(q) be the second derivative of q**5/20 - q**4/12 - q**3/6 - q**2/2 + 56*q - 2. Give p(-2).
-11
Let m(w) = -3*w**2 - 8*w - 7. Let i = 17 - 15. Let o(j) = 3 - 40 + 2 - 16*j**2 - 41*j. Let y(r) = i*o(r) - 11*m(r). Calculate y(-5).
2
Let q(p) = 7*p + 4. Let i = 139 + -136. Give q(i).
25
Suppose 3*y = -y - 48. Let h(k) = 14 + 559*k - 570*k + 317*k**2 - 330*k**2 - k**3. Give h(y).
2
Let x(y) = -28*y + 62. Let r(n) = 10*n - 21. Let m(g) = -17*r(g) - 6*x(g). Give m(-9).
3
Let i(r) be the first derivative of -r**2/2 + 7*r - 26. Determine i(-10).
17
Suppose -t + 8 = -f, -t - 2*f + 2 = 3*t. Suppose 3*c + 33 = -t*g, 0 = 3*c - 2*c - 5*g - 19. Let a(l) = -l**3 - 7*l**2 - 6*l + 5. Give a(c).
5
Let z = 11 - 19. Suppose -w + q + 2 = 0, -4*q + 3 = 5*w + 2. Let f(i) = 8 - i**2 - 62*i + 3 - w + 56*i. Give f(z).
-6
Let k be (-4 - -5 - 2)*-7. Let x(z) = z**3 - 20 + 4 - 5*z**2 + 11*z + k - 6*z**2. What is x(10)?
1
Let x be 3/2*(-5 - 34/(-6)). Suppose -3*w - 5*d - 17 = 0, -3*d + 13 = -w - 3*w. Let c be w + -3 - (x + -3). Let k(n) = -n**2 - 5*n - 3. Determine k(c).
-3
Let l(k) = 34*k - 29 - 43*k + 11*k. What is l(17)?
5
Let a(i) = i + 4*i + 35 - 2*i + 2*i - 10. Determine a(-6).
-5
Let a(t) = t + t**3 - 27 - 17*t**2 - 2*t**3 + 52 - 3. Determine a(-17).
5
Let o(y) = y**2 - 10*y + 16. Let t(w) = -2*w**2 + 20*w - 31. Let a(r) = 5*o(r) + 3*t(r). Give a(10).
-13
Let p(n) = n**3 - 4*n + 5. Let j be p(2). Let k(v) = -v**3 + 5*v**2 + v - 3. What is k(j)?
2
Let b be 54/36*20/6. Let t(p) = -2*p**2 + 2*p + 3. What is t(b)?
-37
Let i(u) be the third derivative of u**4/6 + 19*u**3/6 - u**2 + 35*u. Determine i(-8).
-13
Let m(j) = 122*j**3 + 3*j**2 + 6*j - 60*j**3 + 5 + 3*j**2 - 63*j**3. Determine m(7).
-2
Suppose -x - r + 44 = x, -x + r = -22. Let j = x - 19. Let p(b) be the first derivative of 5*b**2/2 - 4*b + 4. Determine p(j).
11
Suppose 0 = -6*l + 7*l - 4. Let s be 1 + 3 + l + -4. Let i(m) = -2*m**2 - 7*m + 8. Let u(y) = y**2 + 3*y - 4. Let a(k) = 4*i(k) + 9*u(k). What is a(s)?
8
Let l(y) = y**3 - 8*y**2 - 11*y - 13. Let g(a) = 57*a**2 - 512*a. Let t be g(9). Determine l(t).
-31
Suppose -4*s = -5*s + 10. Let x(d) = -8 - 1 + s*d - 6 + 16. Let m = -7 + 6. Determine x(m).
-9
Let m(c) = c - 4. Let h be 108/441*28 - (-6)/(-7). What is m(h)?
2
Let i(v) = v**2 - 5*v - 11. Suppose -3*c - p = -21, -5*p = -2*c - 3*p + 6. Determine i(c).
-5
Let j(x) = 8*x - 24. Let f(v) = 17*v - 52. Let n(t) = -3*f(t) + 7*j(t). Determine n(4).
8
Suppose 7*z = 5*z - 2. Let y(t) = 22*t**2 - t. Calculate y(z).
23
Let x(o) = -2*o**2 + 8*o + 0*o**2 + o**2 - 1190 + 1194. Give x(8).
4
Let t(u) = u - 174 + 95 + 71. Calculate t(0).
-8
Let k(t) be the second derivative of -1/2*t**4 + 1/40*t**5 + 0*t**2 + 8*t + 0 + 0*t**3 + 1/720*t**6. Let g(m) be the third derivative of k(m). Give g(-3).
0
Let z = 50 + -44. Let o(k) = 7 - 3*k - 4*k + z - 14. What is o(1)?
-8
Suppose 7*y - 9*y = -4. Suppose -2 = 2*b - y. Let v(u) = -u**2 - u - 3. Determine v(b).
-3
Let j = -119 + 67. Let g be j/12 - 6/9. Let z be (-1)/(-1)*(g + 12). Let c(p) = -p**2 + 6*p + 2. Give c(z).
-5
Let l(y) = y**2 + 5*y + 4. Let p = -177 - -106. Let k = p + 65. Determine l(k).
10
Let w(p) = p - 6. Let l(r) = 3*r - 14. Let s(o) = 2*l(o) - 5*w(o). Give s(-6).
-4
Let y be (-72)/(-168) - 90/14. Let c(x) = -3*x + 5. Calculate c(y).
23
Let k(f) = 4*f**2 - 6*f**2 + 7 + 3*f**2 + 3*f**2 - 6*f**2 - 4*f. Give k(-6).
-41
Let w = -12 + 7. Let u(k) = k**2 + 8*k + 14. Let y be u(w). Let n(s) = s**2 - 2*s - 15. Let z(a) = a + 7. Let m(i) = -6*n(i) - 13*z(i). Determine m(y).
-6
Let i(q) = q - 11. Suppose 22*p + 306 = -80*p. Give i(p).
-14
Let w(t) = -5*t - 3. Let x(q) = q + 13. Let y be x(-12). Suppose 16 = -m - 3*m. Let j = m + y. Determine w(j).
12
Let p(d) = -d**3 + 3*d**2 - 3*d + 2. Let q(u) = 2*u**3 + 4*u**2 + 5*u - 3. Let h be q(-3). Let w = -34 - h. Give p(w).
0
Let z(o) = o**2 - 13*o + 13. Let b = -185 - -196. Calculate z(b).
-9
Let i(c) = 8*c - 2. Suppose 3*y + 3*b - 8 = 7*y, -5*y = 2*b - 13. Let s(m) = 6 - y - 5 - 8*m + 3. Let d(g) = -4*i(g) - 3*s(g). Determine d(-1).
7
Let z(t) = 2*t - 16. Let o = 1447 + -1440. Give z(o).
-2
Let u be 2 + 2 + -2 + 1. Let y(r) = 3*r + 4*r - 6*r + 8*r**u + r**2 - 1. Let p(n) = 3*n**2 + n - 1. Let m be p(-1). Determine y(m).
9
Let k(a) = 2*a**2 - 6 + a**3 - a**2 - 2*a**2 + 3*a + 8*a**2. Calculate k(-5).
29
Let p(l) be the second derivative of 3*l**3/2 + l**2/2 - 6*l - 15. What is p(7)?
64
Let p(q) = -q**3 + 7*q**2 + 9*q - 10. Let k(f) = -2*f**2 - 19*f - 1. Let d be k(-6). Let z = d - 33. Give p(z).
-2
Let o = -12 - -18. Let v be 6/o + (-2 - -3). Let w(i) = -i**2 - 22*i + 19*i + 3 + 2*i**2. Give w(v).
1
Let v(k) = -k**2 + 6*k. Let m = 8 + -16. Let j be m/(-3) + 3/9. Let q be (5 - j)/((-3)/(-9)). What is v(q)?
0
Let k(g) = 4 + 40*g - 84*g + 36*g. What is k(4)?
-28
Let z(s) = s**2 - 5*s - 3. Let v be z(6). Let l(x) = -x**3 + 0*x**2 + x + 5*x**v - 4*x**2 + 5*x**2. Give l(-1).
-4
Let d(o) = -2*o - 9. Let j(f) be the third derivative of f**6/120 + 13*f**5/60 + 13*f**4/24 + f**3 + 27*f**2. Let m be j(-12). Give d(m).
3
Let t(c) = c**2 + c. Let z = -1080 + 1078. What is t(z)?
2
Let a(g) = g**2 - 7*g - 14. Let r be a(9). Suppose 3*o + s - 20 = 0, -5 = -r*o + 2*s + 15. Let c(u) = -u**2 + 7*u + 7. Determine c(o).
13
Suppose 0 = 8*t - 2*t - 30. Let j(d) = -t*d - 8*d + 5 + 17*d. What is j(-5)?
-15
Let v(q) = 2*q + 19. Let m(c) = -c**3 + 10*c**2 - 2*c + 14. Let u be m(10). What is v(u)?
7
Let p(l) = 15*l + 484. Let w be p(-31). Let d(c) = c**3 - 19*c**2 - 2*c + 26. Give d(w).
-12
Let l(t) = t - 10. Let y = 225 - 233. Calculate l(y).
-18
Let r(n) = 118 + n**2 + 119 + 4*n + n - 254. Calculate r(-7).
-3
Let j(p) = 0*p - p**3 + 11853 + p - 8*p - 5*p**2 - 11859. Calculate j(-4).
6
Suppose -w + 20 = 3*w. Suppose -k + 14 = -3*k - w*q, 5*k - 27 = 3*q. Let v(j) = -3*j**2 + 9 + j**2 + j**k - 8. Determine v(2).
1
Let d(c) = -c**2 + 8*c + 6. Let o(h) = 2*h**2 - 16*h + 9. Let a = -95 + 103. Let t be o(a). Calculate d(t).
-3
Let p(k) be the second derivative of k**5/20 - k**4/2 - k**3/3 + 7*k**2 + 50*k + 2. What is p(6)?
2
Suppose 10 = -34*l + 31*l - 2*x, -2*x - 16 = 4*l. Let t(n) = 11*n - 7 - 6*n - 7*n. Determine t(l).
5
Suppose -b + 6 = 2*i, 5*i - i = 4*b. Suppose a + 29 = 6*a + 3*u, a + 2*u - 10 = 0. Suppose 3*f = b*f + a. Let p(o) = -2*o - 4. Calculate p(f).
-12
Let t be (-32)/(-3) - 6/9. Let h(k) = t*k - 29*k + 17*k + 1. Determine h(4).
-7
Let z(c) be the third derivative of -c**6/180 + c**5/30 - c**4/8 + c**3/2 - c**2. Let b(l) be the first derivative of z(l). Let u = -243 + 246. Determine b(u).
-9
Let g(d) = -d**3 + 5*d**2 - d - 5. Let z(b) be the first derivative of -b**4/4 + 14*b**3/3 + 4*b - 31. Let k be z(14). Determine g(k).
7
Let l(j) be the third derivative of -j**6/120 - 7*j**5/60 - j**4/8 - 4*j**3/3 + j**2. Let h = -266 - -259. Calculate l(h).
13
Let j(w) be the second derivative of -w**4/12 + 5*w**3/3 - 4*w**2 - 2*w. Suppose 3*x - 3*h - 116 + 89 = 0, -5*x = 5*h - 55. Calculate j(x).
-8
Let n(p) be the second derivative of p**3/6 - p**2 - 343*p. What is n(2)?
0
Let b(s) = -16*s + 3*s**2 - 4 - 12*s + 2 + 26*s - 9*s**2. Give b(-3).
-50
Let h(q) = -4*q + 9. Suppose -5*a + 16 = -l + 41, 0 = -l - 2*a - 3. Let j(x) = 9 + 5 - l*x - 4. Let u(f) = -7*h(f) + 6*j(f). Calculate u(5).
-13
Let f(u) = u**2 - 3*u**2 + 3*u**2 + 1097*u + 27 - 1083*u. Determine f(-11).